{"id":322,"date":"2021-06-23T20:18:49","date_gmt":"2021-06-23T18:18:49","guid":{"rendered":"https:\/\/www.itd.info\/web\/?page_id=322"},"modified":"2021-06-23T20:18:49","modified_gmt":"2021-06-23T18:18:49","slug":"gasmisch-technik-einfuehrung","status":"publish","type":"page","link":"https:\/\/www.itd.info\/web\/gasmisch-technik-einfuehrung\/","title":{"rendered":"Gasmisch Technik Einf\u00fchrung"},"content":{"rendered":"\n<div class=\"wp-block-columns\">\n<div class=\"wp-block-column\" style=\"flex-basis:80%\">\n<h2 class=\"has-text-align-center\">Gasmisch Technik Einf\u00fchrung<\/h2>\n\n\n\n<div class=\"wp-block-image is-style-default\"><figure class=\"aligncenter size-full\"><img loading=\"lazy\" width=\"289\" height=\"357\" src=\"https:\/\/www.itd.info\/web\/wp-content\/uploads\/2021\/06\/gas1-1.png\" alt=\"\" class=\"wp-image-323\" srcset=\"https:\/\/www.itd.info\/web\/wp-content\/uploads\/2021\/06\/gas1-1.png 289w, https:\/\/www.itd.info\/web\/wp-content\/uploads\/2021\/06\/gas1-1-243x300.png 243w\" sizes=\"(max-width: 289px) 100vw, 289px\" \/><\/figure><\/div>\n\n\n\n<p class=\"has-text-align-center\">Es brodelt in der Hexenk\u00fcche den es geht zum Mischgastauchen!<\/p>\n\n\n\n<p class=\"has-text-align-center\"><br>Die ber\u00fchmten \u201eHome Brews\u201c stellen wir nicht her, da dies schon viele \u201eGasmixer\u201c um ihren Kelleraufsatz, auch Haus genannt gebracht hat.<\/p>\n\n\n\n<p class=\"has-text-align-center\"><br>Spa\u00df bei Seite, aber leider sind tats\u00e4chlich etliche Unf\u00e4lle aus Unwissenheit bzw. Schlamperei passiert. Deshalb setzen wir bei unserem Gasmixing Technician Instructoren wie gewohnt auf h\u00f6chste Qualit\u00e4t.<\/p>\n\n\n\n<p class=\"has-text-align-center\"><br>Alle ITD Instructoren (ausnahmslos) wurden von unserem Gasmixing Technician Instructor Trainer (D-IT-GT-22), Herrn Markus Voigt; ausgebildet.<\/p>\n\n\n\n<p class=\"has-text-align-center\"><br>Das Gesamte Schulungsmaterial sowie die praktischen \u00dcbungen und sonstige Lehrinhalte sind nach IHK Richtlinien konform, wurden von der IHK gepr\u00fcft und entsprechen den deutschen Industriestandards. Somit besitzt jeder unserer Instructoren die erforderliche Sachkunde f\u00fcr das gewerblich Mischen von Gasen sowie die Reinigung und Wartung aller erforderlichen Ger\u00e4te und Beh\u00e4ltnisse, als auch die Lehrberechtigung. Dies unterscheidet uns im wesentlichen von anderen Verb\u00e4nden, die diesen teureren und komplizierteren Weg nicht gehen bzw. gegangen sind.<\/p>\n\n\n\n<p class=\"has-text-align-center\"><br>Wir weisen ausdr\u00fccklich darauf hin, da\u00df der ITD Gasmixing Technician User ein Kurs zum P R I V A T E N Gebrauch zur Herstellung von Gasen etc. ist. F\u00fcr diejenigen, die einen Sachkundenachweis (gewerblich) f\u00fcr diverse \u00c4mter etc. ben\u00f6tigen wenden sich bitte an das ITD Headquarters da auch diese Kurse separat angeboten werden.<\/p>\n<\/div>\n\n\n\n<div class=\"wp-block-column\" style=\"flex-basis:20%\"><div id='1' class='widgets_on_page wop_tiny1  wop_small1  wop_medium1  wop_large1  wop_wide1'>\n\t\t\t<ul><li id=\"media_image-9\" class=\"widget widget_media_image\"><img width=\"1\" height=\"1\" src=\"https:\/\/www.itd.info\/web\/wp-content\/uploads\/2021\/06\/blank.png\" class=\"image wp-image-400  attachment-20x20 size-20x20\" alt=\"\" loading=\"lazy\" style=\"max-width: 100%; height: auto;\" \/><\/li><li id=\"media_image-3\" class=\"widget widget_media_image\"><a href=\"https:\/\/www.ipdi2002.org\/\"><img width=\"140\" height=\"140\" src=\"https:\/\/www.itd.info\/web\/wp-content\/uploads\/2021\/06\/IPDI-klein.png\" class=\"image wp-image-59  attachment-full size-full\" alt=\"\" loading=\"lazy\" style=\"max-width: 100%; height: auto;\" \/><\/a><\/li><li id=\"media_image-8\" class=\"widget widget_media_image\"><img width=\"1\" height=\"1\" src=\"https:\/\/www.itd.info\/web\/wp-content\/uploads\/2021\/06\/blank.png\" class=\"image wp-image-400  attachment-20x20 size-20x20\" alt=\"\" loading=\"lazy\" style=\"max-width: 100%; height: auto;\" \/><\/li><li id=\"media_image-4\" class=\"widget widget_media_image\"><a href=\"http:\/\/www.bonex-systeme.de\/\"><img width=\"140\" height=\"71\" src=\"https:\/\/www.itd.info\/web\/wp-content\/uploads\/2021\/06\/Logo-bonex-300x153.png\" class=\"image wp-image-60  attachment-140x71 size-140x71\" alt=\"\" loading=\"lazy\" style=\"max-width: 100%; height: auto;\" srcset=\"https:\/\/www.itd.info\/web\/wp-content\/uploads\/2021\/06\/Logo-bonex-300x153.png 300w, https:\/\/www.itd.info\/web\/wp-content\/uploads\/2021\/06\/Logo-bonex-1024x523.png 1024w, https:\/\/www.itd.info\/web\/wp-content\/uploads\/2021\/06\/Logo-bonex-768x392.png 768w, https:\/\/www.itd.info\/web\/wp-content\/uploads\/2021\/06\/Logo-bonex.png 1346w\" sizes=\"(max-width: 140px) 100vw, 140px\" \/><\/a><\/li><li id=\"media_image-10\" class=\"widget widget_media_image\"><img width=\"1\" height=\"1\" src=\"https:\/\/www.itd.info\/web\/wp-content\/uploads\/2021\/06\/blank.png\" class=\"image wp-image-400  attachment-20x20 size-20x20\" alt=\"\" loading=\"lazy\" style=\"max-width: 100%; height: auto;\" \/><\/li><li id=\"media_image-5\" class=\"widget widget_media_image\"><a href=\"https:\/\/ks-tauchtechnik.de\/\"><img width=\"140\" height=\"140\" src=\"https:\/\/www.itd.info\/web\/wp-content\/uploads\/2021\/06\/Logo-ksTauchtechnik-150x150.png\" class=\"image wp-image-61  attachment-140x140 size-140x140\" alt=\"\" loading=\"lazy\" style=\"max-width: 100%; height: auto;\" srcset=\"https:\/\/www.itd.info\/web\/wp-content\/uploads\/2021\/06\/Logo-ksTauchtechnik-150x150.png 150w, https:\/\/www.itd.info\/web\/wp-content\/uploads\/2021\/06\/Logo-ksTauchtechnik-300x300.png 300w, https:\/\/www.itd.info\/web\/wp-content\/uploads\/2021\/06\/Logo-ksTauchtechnik.png 760w\" sizes=\"(max-width: 140px) 100vw, 140px\" \/><\/a><\/li><li id=\"media_image-11\" class=\"widget widget_media_image\"><img width=\"1\" height=\"1\" src=\"https:\/\/www.itd.info\/web\/wp-content\/uploads\/2021\/06\/blank.png\" class=\"image wp-image-400  attachment-20x20 size-20x20\" alt=\"\" loading=\"lazy\" style=\"max-width: 100%; height: auto;\" \/><\/li><li id=\"media_image-6\" class=\"widget widget_media_image\"><a href=\"https:\/\/www.tek-diver-shop.de\/\"><img width=\"2560\" height=\"1157\" src=\"https:\/\/www.itd.info\/web\/wp-content\/uploads\/2024\/08\/LogoHTD-neu-2024-Original-scaled.jpg\" class=\"image wp-image-549  attachment-full size-full\" alt=\"\" loading=\"lazy\" style=\"max-width: 100%; height: auto;\" srcset=\"https:\/\/www.itd.info\/web\/wp-content\/uploads\/2024\/08\/LogoHTD-neu-2024-Original-scaled.jpg 2560w, https:\/\/www.itd.info\/web\/wp-content\/uploads\/2024\/08\/LogoHTD-neu-2024-Original-300x136.jpg 300w, https:\/\/www.itd.info\/web\/wp-content\/uploads\/2024\/08\/LogoHTD-neu-2024-Original-1024x463.jpg 1024w, https:\/\/www.itd.info\/web\/wp-content\/uploads\/2024\/08\/LogoHTD-neu-2024-Original-768x347.jpg 768w, https:\/\/www.itd.info\/web\/wp-content\/uploads\/2024\/08\/LogoHTD-neu-2024-Original-1536x694.jpg 1536w, https:\/\/www.itd.info\/web\/wp-content\/uploads\/2024\/08\/LogoHTD-neu-2024-Original-2048x925.jpg 2048w\" sizes=\"(max-width: 2560px) 100vw, 2560px\" \/><\/a><\/li><li id=\"media_image-12\" class=\"widget widget_media_image\"><img width=\"1\" height=\"1\" src=\"https:\/\/www.itd.info\/web\/wp-content\/uploads\/2021\/06\/blank.png\" class=\"image wp-image-400  attachment-20x20 size-20x20\" alt=\"\" loading=\"lazy\" style=\"max-width: 100%; height: auto;\" \/><\/li><li id=\"media_image-7\" class=\"widget widget_media_image\"><a href=\"https:\/\/www.bluemarlin-redsea.com\/\"><img width=\"140\" height=\"160\" src=\"https:\/\/www.itd.info\/web\/wp-content\/uploads\/2021\/06\/Logo_dtd-262x300.png\" class=\"image wp-image-89  attachment-140x160 size-140x160\" alt=\"\" loading=\"lazy\" style=\"max-width: 100%; height: auto;\" srcset=\"https:\/\/www.itd.info\/web\/wp-content\/uploads\/2021\/06\/Logo_dtd-262x300.png 262w, https:\/\/www.itd.info\/web\/wp-content\/uploads\/2021\/06\/Logo_dtd.png 616w\" sizes=\"(max-width: 140px) 100vw, 140px\" \/><\/a><\/li><\/ul><\/div><!-- widgets_on_page -->\n<\/div>\n<\/div>\n","protected":false},"excerpt":{"rendered":"<p>Gasmisch Technik Einf\u00fchrung Es brodelt in der Hexenk\u00fcche den es geht zum Mischgastauchen! Die ber\u00fchmten \u201eHome Brews\u201c stellen wir nicht her, da dies schon viele \u201eGasmixer\u201c um ihren Kelleraufsatz, auch Haus genannt gebracht hat. Spa\u00df bei Seite, aber leider sind tats\u00e4chlich etliche Unf\u00e4lle aus Unwissenheit bzw. Schlamperei passiert. Deshalb setzen wir bei unserem Gasmixing Technician Instructoren wie gewohnt auf h\u00f6chste Qualit\u00e4t. Alle ITD Instructoren (ausnahmslos) wurden von unserem Gasmixing Technician Instructor Trainer (D-IT-GT-22), Herrn Markus Voigt; ausgebildet. Das Gesamte Schulungsmaterial sowie die praktischen \u00dcbungen und sonstige Lehrinhalte sind nach IHK Richtlinien konform, wurden von der IHK gepr\u00fcft und entsprechen den\u2026<\/p>\n","protected":false},"author":1,"featured_media":0,"parent":0,"menu_order":0,"comment_status":"closed","ping_status":"closed","template":"","meta":[],"blocksy_meta":{"styles_descriptor":{"styles":{"desktop":"","tablet":"","mobile":""},"google_fonts":[]}},"yoast_head":"<!-- This site is optimized with the Yoast SEO plugin v18.4.1 - https:\/\/yoast.com\/wordpress\/plugins\/seo\/ -->\n<title>Gasmisch Technik Einf\u00fchrung - ITD<\/title>\n<meta name=\"robots\" content=\"index, follow, max-snippet:-1, max-image-preview:large, max-video-preview:-1\" \/>\n<link rel=\"canonical\" href=\"https:\/\/www.itd.info\/web\/gasmisch-technik-einfuehrung\/\" \/>\n<meta property=\"og:locale\" content=\"de_DE\" \/>\n<meta property=\"og:type\" content=\"article\" \/>\n<meta property=\"og:title\" content=\"Gasmisch Technik Einf\u00fchrung - ITD\" \/>\n<meta property=\"og:description\" content=\"Gasmisch Technik Einf\u00fchrung Es brodelt in der Hexenk\u00fcche den es geht zum Mischgastauchen! Die ber\u00fchmten \u201eHome Brews\u201c stellen wir nicht her, da dies schon viele \u201eGasmixer\u201c um ihren Kelleraufsatz, auch Haus genannt gebracht hat. Spa\u00df bei Seite, aber leider sind tats\u00e4chlich etliche Unf\u00e4lle aus Unwissenheit bzw. Schlamperei passiert. Deshalb setzen wir bei unserem Gasmixing Technician Instructoren wie gewohnt auf h\u00f6chste Qualit\u00e4t. Alle ITD Instructoren (ausnahmslos) wurden von unserem Gasmixing Technician Instructor Trainer (D-IT-GT-22), Herrn Markus Voigt; ausgebildet. Das Gesamte Schulungsmaterial sowie die praktischen \u00dcbungen und sonstige Lehrinhalte sind nach IHK Richtlinien konform, wurden von der IHK gepr\u00fcft und entsprechen den\u2026\" \/>\n<meta property=\"og:url\" content=\"https:\/\/www.itd.info\/web\/gasmisch-technik-einfuehrung\/\" \/>\n<meta property=\"og:site_name\" content=\"ITD\" \/>\n<meta property=\"og:image\" content=\"https:\/\/www.itd.info\/web\/wp-content\/uploads\/2021\/06\/gas1-1.png\" \/>\n<meta name=\"twitter:card\" content=\"summary_large_image\" \/>\n<meta name=\"twitter:label1\" content=\"Gesch\u00e4tzte Lesezeit\" \/>\n\t<meta name=\"twitter:data1\" content=\"1 Minute\" \/>\n<script type=\"application\/ld+json\" class=\"yoast-schema-graph\">{\"@context\":\"https:\/\/schema.org\",\"@graph\":[{\"@type\":\"Organization\",\"@id\":\"https:\/\/www.itd.info\/web\/#organization\",\"name\":\"ITD\",\"url\":\"https:\/\/www.itd.info\/web\/\",\"sameAs\":[],\"logo\":{\"@type\":\"ImageObject\",\"@id\":\"https:\/\/www.itd.info\/web\/#logo\",\"inLanguage\":\"de-DE\",\"url\":\"https:\/\/www.itd.info\/web\/wp-content\/uploads\/2021\/06\/itd.jpg\",\"contentUrl\":\"https:\/\/www.itd.info\/web\/wp-content\/uploads\/2021\/06\/itd.jpg\",\"width\":650,\"height\":409,\"caption\":\"ITD\"},\"image\":{\"@id\":\"https:\/\/www.itd.info\/web\/#logo\"}},{\"@type\":\"WebSite\",\"@id\":\"https:\/\/www.itd.info\/web\/#website\",\"url\":\"https:\/\/www.itd.info\/web\/\",\"name\":\"ITD\",\"description\":\"International Tek Diver\",\"publisher\":{\"@id\":\"https:\/\/www.itd.info\/web\/#organization\"},\"potentialAction\":[{\"@type\":\"SearchAction\",\"target\":{\"@type\":\"EntryPoint\",\"urlTemplate\":\"https:\/\/www.itd.info\/web\/?s={search_term_string}\"},\"query-input\":\"required name=search_term_string\"}],\"inLanguage\":\"de-DE\"},{\"@type\":\"ImageObject\",\"@id\":\"https:\/\/www.itd.info\/web\/gasmisch-technik-einfuehrung\/#primaryimage\",\"inLanguage\":\"de-DE\",\"url\":\"https:\/\/www.itd.info\/web\/wp-content\/uploads\/2021\/06\/gas1-1.png\",\"contentUrl\":\"https:\/\/www.itd.info\/web\/wp-content\/uploads\/2021\/06\/gas1-1.png\",\"width\":289,\"height\":357},{\"@type\":\"WebPage\",\"@id\":\"https:\/\/www.itd.info\/web\/gasmisch-technik-einfuehrung\/#webpage\",\"url\":\"https:\/\/www.itd.info\/web\/gasmisch-technik-einfuehrung\/\",\"name\":\"Gasmisch Technik Einf\u00fchrung - ITD\",\"isPartOf\":{\"@id\":\"https:\/\/www.itd.info\/web\/#website\"},\"primaryImageOfPage\":{\"@id\":\"https:\/\/www.itd.info\/web\/gasmisch-technik-einfuehrung\/#primaryimage\"},\"datePublished\":\"2021-06-23T18:18:49+00:00\",\"dateModified\":\"2021-06-23T18:18:49+00:00\",\"breadcrumb\":{\"@id\":\"https:\/\/www.itd.info\/web\/gasmisch-technik-einfuehrung\/#breadcrumb\"},\"inLanguage\":\"de-DE\",\"potentialAction\":[{\"@type\":\"ReadAction\",\"target\":[\"https:\/\/www.itd.info\/web\/gasmisch-technik-einfuehrung\/\"]}]},{\"@type\":\"BreadcrumbList\",\"@id\":\"https:\/\/www.itd.info\/web\/gasmisch-technik-einfuehrung\/#breadcrumb\",\"itemListElement\":[{\"@type\":\"ListItem\",\"position\":1,\"name\":\"Startseite\",\"item\":\"https:\/\/www.itd.info\/web\/\"},{\"@type\":\"ListItem\",\"position\":2,\"name\":\"Gasmisch Technik Einf\u00fchrung\"}]}]}<\/script>\n<!-- \/ Yoast SEO plugin. -->","yoast_head_json":{"title":"Gasmisch Technik Einf\u00fchrung - ITD","robots":{"index":"index","follow":"follow","max-snippet":"max-snippet:-1","max-image-preview":"max-image-preview:large","max-video-preview":"max-video-preview:-1"},"canonical":"https:\/\/www.itd.info\/web\/gasmisch-technik-einfuehrung\/","og_locale":"de_DE","og_type":"article","og_title":"Gasmisch Technik Einf\u00fchrung - ITD","og_description":"Gasmisch Technik Einf\u00fchrung Es brodelt in der Hexenk\u00fcche den es geht zum Mischgastauchen! Die ber\u00fchmten \u201eHome Brews\u201c stellen wir nicht her, da dies schon viele \u201eGasmixer\u201c um ihren Kelleraufsatz, auch Haus genannt gebracht hat. Spa\u00df bei Seite, aber leider sind tats\u00e4chlich etliche Unf\u00e4lle aus Unwissenheit bzw. Schlamperei passiert. Deshalb setzen wir bei unserem Gasmixing Technician Instructoren wie gewohnt auf h\u00f6chste Qualit\u00e4t. Alle ITD Instructoren (ausnahmslos) wurden von unserem Gasmixing Technician Instructor Trainer (D-IT-GT-22), Herrn Markus Voigt; ausgebildet. Das Gesamte Schulungsmaterial sowie die praktischen \u00dcbungen und sonstige Lehrinhalte sind nach IHK Richtlinien konform, wurden von der IHK gepr\u00fcft und entsprechen den\u2026","og_url":"https:\/\/www.itd.info\/web\/gasmisch-technik-einfuehrung\/","og_site_name":"ITD","og_image":[{"url":"https:\/\/www.itd.info\/web\/wp-content\/uploads\/2021\/06\/gas1-1.png"}],"twitter_card":"summary_large_image","twitter_misc":{"Gesch\u00e4tzte Lesezeit":"1 Minute"},"schema":{"@context":"https:\/\/schema.org","@graph":[{"@type":"Organization","@id":"https:\/\/www.itd.info\/web\/#organization","name":"ITD","url":"https:\/\/www.itd.info\/web\/","sameAs":[],"logo":{"@type":"ImageObject","@id":"https:\/\/www.itd.info\/web\/#logo","inLanguage":"de-DE","url":"https:\/\/www.itd.info\/web\/wp-content\/uploads\/2021\/06\/itd.jpg","contentUrl":"https:\/\/www.itd.info\/web\/wp-content\/uploads\/2021\/06\/itd.jpg","width":650,"height":409,"caption":"ITD"},"image":{"@id":"https:\/\/www.itd.info\/web\/#logo"}},{"@type":"WebSite","@id":"https:\/\/www.itd.info\/web\/#website","url":"https:\/\/www.itd.info\/web\/","name":"ITD","description":"International Tek Diver","publisher":{"@id":"https:\/\/www.itd.info\/web\/#organization"},"potentialAction":[{"@type":"SearchAction","target":{"@type":"EntryPoint","urlTemplate":"https:\/\/www.itd.info\/web\/?s={search_term_string}"},"query-input":"required name=search_term_string"}],"inLanguage":"de-DE"},{"@type":"ImageObject","@id":"https:\/\/www.itd.info\/web\/gasmisch-technik-einfuehrung\/#primaryimage","inLanguage":"de-DE","url":"https:\/\/www.itd.info\/web\/wp-content\/uploads\/2021\/06\/gas1-1.png","contentUrl":"https:\/\/www.itd.info\/web\/wp-content\/uploads\/2021\/06\/gas1-1.png","width":289,"height":357},{"@type":"WebPage","@id":"https:\/\/www.itd.info\/web\/gasmisch-technik-einfuehrung\/#webpage","url":"https:\/\/www.itd.info\/web\/gasmisch-technik-einfuehrung\/","name":"Gasmisch Technik Einf\u00fchrung - ITD","isPartOf":{"@id":"https:\/\/www.itd.info\/web\/#website"},"primaryImageOfPage":{"@id":"https:\/\/www.itd.info\/web\/gasmisch-technik-einfuehrung\/#primaryimage"},"datePublished":"2021-06-23T18:18:49+00:00","dateModified":"2021-06-23T18:18:49+00:00","breadcrumb":{"@id":"https:\/\/www.itd.info\/web\/gasmisch-technik-einfuehrung\/#breadcrumb"},"inLanguage":"de-DE","potentialAction":[{"@type":"ReadAction","target":["https:\/\/www.itd.info\/web\/gasmisch-technik-einfuehrung\/"]}]},{"@type":"BreadcrumbList","@id":"https:\/\/www.itd.info\/web\/gasmisch-technik-einfuehrung\/#breadcrumb","itemListElement":[{"@type":"ListItem","position":1,"name":"Startseite","item":"https:\/\/www.itd.info\/web\/"},{"@type":"ListItem","position":2,"name":"Gasmisch Technik Einf\u00fchrung"}]}]}},"_links":{"self":[{"href":"https:\/\/www.itd.info\/web\/wp-json\/wp\/v2\/pages\/322"}],"collection":[{"href":"https:\/\/www.itd.info\/web\/wp-json\/wp\/v2\/pages"}],"about":[{"href":"https:\/\/www.itd.info\/web\/wp-json\/wp\/v2\/types\/page"}],"author":[{"embeddable":true,"href":"https:\/\/www.itd.info\/web\/wp-json\/wp\/v2\/users\/1"}],"replies":[{"embeddable":true,"href":"https:\/\/www.itd.info\/web\/wp-json\/wp\/v2\/comments?post=322"}],"version-history":[{"count":1,"href":"https:\/\/www.itd.info\/web\/wp-json\/wp\/v2\/pages\/322\/revisions"}],"predecessor-version":[{"id":324,"href":"https:\/\/www.itd.info\/web\/wp-json\/wp\/v2\/pages\/322\/revisions\/324"}],"wp:attachment":[{"href":"https:\/\/www.itd.info\/web\/wp-json\/wp\/v2\/media?parent=322"}],"curies":[{"name":"wp","href":"https:\/\/api.w.org\/{rel}","templated":true}]}}